{"id":966,"date":"2025-06-23T15:39:21","date_gmt":"2025-06-23T21:39:21","guid":{"rendered":"https:\/\/santaclarapuros.com\/club\/producto\/tabaco-para-pipa-park-lane-menta-sobre-50-grs\/"},"modified":"2026-01-29T13:09:35","modified_gmt":"2026-01-29T19:09:35","slug":"tabaco-para-pipa-park-lane-menta-sobre-50-grs","status":"publish","type":"product","link":"https:\/\/santaclarapuros.com\/club\/producto\/tabaco-para-pipa-park-lane-menta-sobre-50-grs\/","title":{"rendered":"TABACO PARA PIPA PARK LANE MENTA SOBRE 50 GRS"},"content":{"rendered":"<p>El tabaco Premium Park Lane es una mezcla suave de hojas de tabaco Virginia en la mayor\u00eda de sus sabores parcialmente granulado para asegurar una combusti\u00f3n firme para garantizar su degustaci\u00f3n en cada fumada. el tabaco Premium Park Lane es denominado uno de los mejores y m\u00e1s representativos a nivel nacional.<\/p>\n","protected":false},"excerpt":{"rendered":"<p>El tabaco Premium Park Lane es una mezcla suave de hojas de tabaco Virginia en la mayor\u00eda de sus sabores parcialmente granulado para asegurar una combusti\u00f3n firme para garantizar su degustaci\u00f3n en cada fumada. el tabaco Premium Park Lane es denominado uno de los mejores y m\u00e1s representativos a nivel nacional.<\/p>\n","protected":false},"featured_media":965,"comment_status":"open","ping_status":"closed","template":"","meta":[],"product_brand":[],"product_cat":[45,26],"product_tag":[],"class_list":{"0":"post-966","1":"product","2":"type-product","3":"status-publish","4":"has-post-thumbnail","6":"product_cat-parklane","7":"product_cat-tabaco","9":"first","10":"outofstock","11":"taxable","12":"shipping-taxable","13":"purchasable","14":"product-type-simple"},"_links":{"self":[{"href":"https:\/\/santaclarapuros.com\/club\/wp-json\/wp\/v2\/product\/966","targetHints":{"allow":["GET"]}}],"collection":[{"href":"https:\/\/santaclarapuros.com\/club\/wp-json\/wp\/v2\/product"}],"about":[{"href":"https:\/\/santaclarapuros.com\/club\/wp-json\/wp\/v2\/types\/product"}],"replies":[{"embeddable":true,"href":"https:\/\/santaclarapuros.com\/club\/wp-json\/wp\/v2\/comments?post=966"}],"wp:featuredmedia":[{"embeddable":true,"href":"https:\/\/santaclarapuros.com\/club\/wp-json\/wp\/v2\/media\/965"}],"wp:attachment":[{"href":"https:\/\/santaclarapuros.com\/club\/wp-json\/wp\/v2\/media?parent=966"}],"wp:term":[{"taxonomy":"product_brand","embeddable":true,"href":"https:\/\/santaclarapuros.com\/club\/wp-json\/wp\/v2\/product_brand?post=966"},{"taxonomy":"product_cat","embeddable":true,"href":"https:\/\/santaclarapuros.com\/club\/wp-json\/wp\/v2\/product_cat?post=966"},{"taxonomy":"product_tag","embeddable":true,"href":"https:\/\/santaclarapuros.com\/club\/wp-json\/wp\/v2\/product_tag?post=966"}],"curies":[{"name":"wp","href":"https:\/\/api.w.org\/{rel}","templated":true}]}}