{"id":942,"date":"2025-06-23T15:39:04","date_gmt":"2025-06-23T21:39:04","guid":{"rendered":"https:\/\/santaclarapuros.com\/club\/producto\/tabaco-para-masticar-klondike-long-cut-peppermint\/"},"modified":"2026-01-29T13:09:34","modified_gmt":"2026-01-29T19:09:34","slug":"tabaco-para-masticar-klondike-long-cut-peppermint","status":"publish","type":"product","link":"https:\/\/santaclarapuros.com\/club\/producto\/tabaco-para-masticar-klondike-long-cut-peppermint\/","title":{"rendered":"TABACO PARA MASTICAR KLONDIKE LONG CUT PEPPERMINT"},"content":{"rendered":"<p>El tabaco Klondike es un producto compuesto de tabaco para masticar. El mascado es uno de los m\u00e9todos mas antiguos de consumir tabaco por los ind\u00edgenas de Norteam\u00e9rica y Sudam\u00e9rica, por su excelente calidad se ha convertido en uno de los favoritos por los amantes del tabaco.<\/p>\n","protected":false},"excerpt":{"rendered":"<p>El tabaco Klondike es un producto compuesto de tabaco para masticar. El mascado es uno de los m\u00e9todos mas antiguos de consumir tabaco por los ind\u00edgenas de Norteam\u00e9rica y Sudam\u00e9rica, por su excelente calidad se ha convertido en uno de los favoritos por los amantes del tabaco.<\/p>\n","protected":false},"featured_media":941,"comment_status":"open","ping_status":"closed","template":"","meta":[],"product_brand":[],"product_cat":[43,26],"product_tag":[],"class_list":{"0":"post-942","1":"product","2":"type-product","3":"status-publish","4":"has-post-thumbnail","6":"product_cat-klondike","7":"product_cat-tabaco","9":"first","10":"instock","11":"taxable","12":"shipping-taxable","13":"purchasable","14":"product-type-simple"},"_links":{"self":[{"href":"https:\/\/santaclarapuros.com\/club\/wp-json\/wp\/v2\/product\/942","targetHints":{"allow":["GET"]}}],"collection":[{"href":"https:\/\/santaclarapuros.com\/club\/wp-json\/wp\/v2\/product"}],"about":[{"href":"https:\/\/santaclarapuros.com\/club\/wp-json\/wp\/v2\/types\/product"}],"replies":[{"embeddable":true,"href":"https:\/\/santaclarapuros.com\/club\/wp-json\/wp\/v2\/comments?post=942"}],"wp:featuredmedia":[{"embeddable":true,"href":"https:\/\/santaclarapuros.com\/club\/wp-json\/wp\/v2\/media\/941"}],"wp:attachment":[{"href":"https:\/\/santaclarapuros.com\/club\/wp-json\/wp\/v2\/media?parent=942"}],"wp:term":[{"taxonomy":"product_brand","embeddable":true,"href":"https:\/\/santaclarapuros.com\/club\/wp-json\/wp\/v2\/product_brand?post=942"},{"taxonomy":"product_cat","embeddable":true,"href":"https:\/\/santaclarapuros.com\/club\/wp-json\/wp\/v2\/product_cat?post=942"},{"taxonomy":"product_tag","embeddable":true,"href":"https:\/\/santaclarapuros.com\/club\/wp-json\/wp\/v2\/product_tag?post=942"}],"curies":[{"name":"wp","href":"https:\/\/api.w.org\/{rel}","templated":true}]}}