{"id":797,"date":"2025-06-23T15:35:40","date_gmt":"2025-06-23T21:35:40","guid":{"rendered":"https:\/\/santaclarapuros.com\/club\/producto\/santa-clara-1830-chicos-estuche-con-10-puros-chocolate\/"},"modified":"2026-01-29T13:09:29","modified_gmt":"2026-01-29T19:09:29","slug":"santa-clara-1830-chicos-estuche-con-10-puros-chocolate","status":"publish","type":"product","link":"https:\/\/santaclarapuros.com\/club\/producto\/santa-clara-1830-chicos-estuche-con-10-puros-chocolate\/","title":{"rendered":"SANTA CLARA 1830 CHICOS ESTUCHE CON 10 PUROS CHOCOLATE"},"content":{"rendered":"<p>CHICOS naci\u00f3? para crear algo diferente para la pr\u00f3xima generaci\u00f3n y es una nueva l\u00ednea de puros, que satisface las necesidades de moda, estatus, reconocimiento y prestigio de una manera \u00fanica y divertida.<\/p>\n<p>Siendo Chicos un producto innovador, dise\u00f1a un packaging que se describa f\u00e1cilmente en tres palabras: vanguardista, atractivo y actual.<\/p>\n<table width=\"236\">\n<tbody>\n<tr>\n<td width=\"64\"><strong>Vitola<\/strong><\/td>\n<td width=\"172\">3 5\/8 X 27<\/td>\n<\/tr>\n<tr>\n<td><strong>Tripa<\/strong><\/td>\n<td>Tripa corta de San Andres<\/td>\n<\/tr>\n<tr>\n<td><strong>Banda<\/strong><\/td>\n<td>HTL Tabaco Homogenizado<\/td>\n<\/tr>\n<tr>\n<td><strong>Fortaleza<\/strong><\/td>\n<td>Suave<\/td>\n<\/tr>\n<\/tbody>\n<\/table>\n","protected":false},"excerpt":{"rendered":"<p>CHICOS naci\u00f3? para crear algo diferente para la pr\u00f3xima generaci\u00f3n y es una nueva l\u00ednea de puros, que satisface las necesidades de moda, estatus, reconocimiento y prestigio de una manera \u00fanica y divertida. Siendo Chicos un producto innovador, dise\u00f1a un packaging que se describa f\u00e1cilmente en tres palabras: vanguardista, atractivo y actual. Vitola 3 5\/8 &hellip; <\/p>\n","protected":false},"featured_media":796,"comment_status":"open","ping_status":"closed","template":"","meta":[],"product_brand":[],"product_cat":[25,34],"product_tag":[],"class_list":{"0":"post-797","1":"product","2":"type-product","3":"status-publish","4":"has-post-thumbnail","6":"product_cat-puros","7":"product_cat-sc1830","9":"first","10":"instock","11":"taxable","12":"shipping-taxable","13":"purchasable","14":"product-type-simple"},"_links":{"self":[{"href":"https:\/\/santaclarapuros.com\/club\/wp-json\/wp\/v2\/product\/797","targetHints":{"allow":["GET"]}}],"collection":[{"href":"https:\/\/santaclarapuros.com\/club\/wp-json\/wp\/v2\/product"}],"about":[{"href":"https:\/\/santaclarapuros.com\/club\/wp-json\/wp\/v2\/types\/product"}],"replies":[{"embeddable":true,"href":"https:\/\/santaclarapuros.com\/club\/wp-json\/wp\/v2\/comments?post=797"}],"wp:featuredmedia":[{"embeddable":true,"href":"https:\/\/santaclarapuros.com\/club\/wp-json\/wp\/v2\/media\/796"}],"wp:attachment":[{"href":"https:\/\/santaclarapuros.com\/club\/wp-json\/wp\/v2\/media?parent=797"}],"wp:term":[{"taxonomy":"product_brand","embeddable":true,"href":"https:\/\/santaclarapuros.com\/club\/wp-json\/wp\/v2\/product_brand?post=797"},{"taxonomy":"product_cat","embeddable":true,"href":"https:\/\/santaclarapuros.com\/club\/wp-json\/wp\/v2\/product_cat?post=797"},{"taxonomy":"product_tag","embeddable":true,"href":"https:\/\/santaclarapuros.com\/club\/wp-json\/wp\/v2\/product_tag?post=797"}],"curies":[{"name":"wp","href":"https:\/\/api.w.org\/{rel}","templated":true}]}}