{"id":246,"date":"2025-06-23T10:28:29","date_gmt":"2025-06-23T16:28:29","guid":{"rendered":"https:\/\/santaclarapuros.com\/club\/producto\/purera-estuche-color-caf-con-3-compartimentos\/"},"modified":"2026-01-29T13:09:11","modified_gmt":"2026-01-29T19:09:11","slug":"purera-estuche-color-cafe-con-3-compartimentos","status":"publish","type":"product","link":"https:\/\/santaclarapuros.com\/club\/producto\/purera-estuche-color-cafe-con-3-compartimentos\/","title":{"rendered":"PURERA ESTUCHE COLOR CAFE CON 3 COMPARTIMENTOS"},"content":{"rendered":"<p><strong>Marca:<\/strong> Park Lane<br \/>\n<strong>Color: <\/strong>Caf\u00e9<br \/>\n<strong>Material:<\/strong> Piel<\/p>\n<p>&nbsp;<\/p>\n","protected":false},"excerpt":{"rendered":"<p>Purera dise\u00f1o estuche color caf\u00e9 con 3 compartimentos con tres broches dando mejor cuidado para preservar el sabor y aromas de tus puros haci\u00e9ndolo f\u00e1cil de transportar para cualquier momento.<\/p>\n","protected":false},"featured_media":245,"comment_status":"open","ping_status":"closed","template":"","meta":[],"product_brand":[],"product_cat":[22],"product_tag":[],"class_list":{"0":"post-246","1":"product","2":"type-product","3":"status-publish","4":"has-post-thumbnail","6":"product_cat-pureras-y-tabaqueras","8":"first","9":"instock","10":"taxable","11":"shipping-taxable","12":"purchasable","13":"product-type-simple"},"_links":{"self":[{"href":"https:\/\/santaclarapuros.com\/club\/wp-json\/wp\/v2\/product\/246","targetHints":{"allow":["GET"]}}],"collection":[{"href":"https:\/\/santaclarapuros.com\/club\/wp-json\/wp\/v2\/product"}],"about":[{"href":"https:\/\/santaclarapuros.com\/club\/wp-json\/wp\/v2\/types\/product"}],"replies":[{"embeddable":true,"href":"https:\/\/santaclarapuros.com\/club\/wp-json\/wp\/v2\/comments?post=246"}],"wp:featuredmedia":[{"embeddable":true,"href":"https:\/\/santaclarapuros.com\/club\/wp-json\/wp\/v2\/media\/245"}],"wp:attachment":[{"href":"https:\/\/santaclarapuros.com\/club\/wp-json\/wp\/v2\/media?parent=246"}],"wp:term":[{"taxonomy":"product_brand","embeddable":true,"href":"https:\/\/santaclarapuros.com\/club\/wp-json\/wp\/v2\/product_brand?post=246"},{"taxonomy":"product_cat","embeddable":true,"href":"https:\/\/santaclarapuros.com\/club\/wp-json\/wp\/v2\/product_cat?post=246"},{"taxonomy":"product_tag","embeddable":true,"href":"https:\/\/santaclarapuros.com\/club\/wp-json\/wp\/v2\/product_tag?post=246"}],"curies":[{"name":"wp","href":"https:\/\/api.w.org\/{rel}","templated":true}]}}