{"id":230,"date":"2025-06-23T10:28:23","date_gmt":"2025-06-23T16:28:23","guid":{"rendered":"https:\/\/santaclarapuros.com\/club\/producto\/purera-color-gris-marron-textura-reptil-para-3-puros\/"},"modified":"2026-01-29T13:09:10","modified_gmt":"2026-01-29T19:09:10","slug":"purera-color-gris-marron-textura-reptil-para-3-puros","status":"publish","type":"product","link":"https:\/\/santaclarapuros.com\/club\/producto\/purera-color-gris-marron-textura-reptil-para-3-puros\/","title":{"rendered":"PURERA COLOR GRIS MARRON TEXTURA REPTIL PARA 3 PUROS"},"content":{"rendered":"<p><strong>Marca:<\/strong> Park Lane<br \/>\n<strong>Color: <\/strong>Gris Marr\u00f3n<br \/>\n<strong>Material:<\/strong> Piel<\/p>\n<p>&nbsp;<\/p>\n","protected":false},"excerpt":{"rendered":"<p>Purera dise\u00f1o textura reptil color gris marr\u00f3n con almacenamiento para 3 puros dando mejor cuidado para preservar el sabor y aromas de tus puros haci\u00e9ndolo f\u00e1cil de transportar para cualquier momento.<\/p>\n","protected":false},"featured_media":1805,"comment_status":"open","ping_status":"closed","template":"","meta":[],"product_brand":[],"product_cat":[22],"product_tag":[],"class_list":{"0":"post-230","1":"product","2":"type-product","3":"status-publish","4":"has-post-thumbnail","6":"product_cat-pureras-y-tabaqueras","8":"first","9":"instock","10":"taxable","11":"shipping-taxable","12":"purchasable","13":"product-type-simple"},"_links":{"self":[{"href":"https:\/\/santaclarapuros.com\/club\/wp-json\/wp\/v2\/product\/230","targetHints":{"allow":["GET"]}}],"collection":[{"href":"https:\/\/santaclarapuros.com\/club\/wp-json\/wp\/v2\/product"}],"about":[{"href":"https:\/\/santaclarapuros.com\/club\/wp-json\/wp\/v2\/types\/product"}],"replies":[{"embeddable":true,"href":"https:\/\/santaclarapuros.com\/club\/wp-json\/wp\/v2\/comments?post=230"}],"wp:featuredmedia":[{"embeddable":true,"href":"https:\/\/santaclarapuros.com\/club\/wp-json\/wp\/v2\/media\/1805"}],"wp:attachment":[{"href":"https:\/\/santaclarapuros.com\/club\/wp-json\/wp\/v2\/media?parent=230"}],"wp:term":[{"taxonomy":"product_brand","embeddable":true,"href":"https:\/\/santaclarapuros.com\/club\/wp-json\/wp\/v2\/product_brand?post=230"},{"taxonomy":"product_cat","embeddable":true,"href":"https:\/\/santaclarapuros.com\/club\/wp-json\/wp\/v2\/product_cat?post=230"},{"taxonomy":"product_tag","embeddable":true,"href":"https:\/\/santaclarapuros.com\/club\/wp-json\/wp\/v2\/product_tag?post=230"}],"curies":[{"name":"wp","href":"https:\/\/api.w.org\/{rel}","templated":true}]}}