{"id":1303,"date":"2025-06-26T17:17:35","date_gmt":"2025-06-26T23:17:35","guid":{"rendered":"https:\/\/santaclarapuros.com\/club\/?page_id=1303"},"modified":"2025-07-21T17:50:39","modified_gmt":"2025-07-21T23:50:39","slug":"santa-clara-1830","status":"publish","type":"page","link":"https:\/\/santaclarapuros.com\/club\/santa-clara-1830\/","title":{"rendered":"Santa Clara 1830"},"content":{"rendered":"\n<h3 class=\"wp-block-heading has-text-align-center\">Con Orgullo de Mano a Mano<\/h3>\n\n\n\n<div class=\"wp-block-group is-nowrap is-layout-flex wp-container-core-group-is-layout-ad2f72ca wp-block-group-is-layout-flex\"><div class=\"wp-block-image\">\n<figure class=\"aligncenter size-medium\"><img loading=\"lazy\" decoding=\"async\" width=\"300\" height=\"300\" src=\"https:\/\/santaclarapuros.com\/club\/wp-content\/uploads\/2025\/07\/santa-clara-1830-300x300.jpg\" alt=\"\" class=\"wp-image-1452\" srcset=\"https:\/\/santaclarapuros.com\/club\/wp-content\/uploads\/2025\/07\/santa-clara-1830-300x300.jpg 300w, https:\/\/santaclarapuros.com\/club\/wp-content\/uploads\/2025\/07\/santa-clara-1830-150x150.jpg 150w, https:\/\/santaclarapuros.com\/club\/wp-content\/uploads\/2025\/07\/santa-clara-1830-768x768.jpg 768w, https:\/\/santaclarapuros.com\/club\/wp-content\/uploads\/2025\/07\/santa-clara-1830-860x860.jpg 860w, https:\/\/santaclarapuros.com\/club\/wp-content\/uploads\/2025\/07\/santa-clara-1830-600x600.jpg 600w, https:\/\/santaclarapuros.com\/club\/wp-content\/uploads\/2025\/07\/santa-clara-1830-100x100.jpg 100w, https:\/\/santaclarapuros.com\/club\/wp-content\/uploads\/2025\/07\/santa-clara-1830.jpg 1000w\" sizes=\"auto, (max-width: 300px) 100vw, 300px\" \/><\/figure>\n<\/div>\n\n\n<p>Este puro representa nuestra tradici\u00f3n de casi 2 siglos en el arte del tabaco. Es un favorito entre los conocedores y representa la firme determinaci\u00f3n de la empresa de proporcionar un producto \u00fanico.<\/p>\n<\/div>\n\n\n\n<p>Santa Clara 1830 es el puro ideal para quienes saben apreciar la paciencia del a\u00f1ejamiento de un buen tabaco.<\/p>\n\n\n\n<p class=\"has-text-align-center\"><strong>VITOLARIO<\/strong><\/p>\n\n\n\n<figure class=\"wp-block-image size-large\"><img loading=\"lazy\" decoding=\"async\" width=\"1024\" height=\"752\" src=\"https:\/\/santaclarapuros.com\/club\/wp-content\/uploads\/2025\/06\/Vitolario-Santa-Clara-1830-scaled-1-1024x752.jpg\" alt=\"\" class=\"wp-image-1305\" srcset=\"https:\/\/santaclarapuros.com\/club\/wp-content\/uploads\/2025\/06\/Vitolario-Santa-Clara-1830-scaled-1-1024x752.jpg 1024w, https:\/\/santaclarapuros.com\/club\/wp-content\/uploads\/2025\/06\/Vitolario-Santa-Clara-1830-scaled-1-300x220.jpg 300w, https:\/\/santaclarapuros.com\/club\/wp-content\/uploads\/2025\/06\/Vitolario-Santa-Clara-1830-scaled-1-768x564.jpg 768w, https:\/\/santaclarapuros.com\/club\/wp-content\/uploads\/2025\/06\/Vitolario-Santa-Clara-1830-scaled-1-1536x1128.jpg 1536w, https:\/\/santaclarapuros.com\/club\/wp-content\/uploads\/2025\/06\/Vitolario-Santa-Clara-1830-scaled-1-2048x1504.jpg 2048w, https:\/\/santaclarapuros.com\/club\/wp-content\/uploads\/2025\/06\/Vitolario-Santa-Clara-1830-scaled-1-600x441.jpg 600w\" sizes=\"auto, (max-width: 1024px) 100vw, 1024px\" \/><\/figure>\n\n\n\n<div class=\"wp-block-group alignfull\" style=\"margin-top:0;margin-bottom:0;padding-top:calc( 0.5 * var(--wp--style--root--padding-right, var(--wp--custom--gap--horizontal)));padding-right:var(--wp--style--root--padding-right, var(--wp--custom--gap--horizontal));padding-bottom:calc( 0.5 * var(--wp--style--root--padding-right, var(--wp--custom--gap--horizontal)));padding-left:var(--wp--style--root--padding-left, var(--wp--custom--gap--horizontal))\"><div class=\"wp-block-group__inner-container is-layout-constrained wp-container-core-group-is-layout-5d63491a wp-block-group-is-layout-constrained\">\n<div style=\"height:calc( 0.25 * var(--wp--style--root--padding-right, var(--wp--custom--gap--horizontal)))\" aria-hidden=\"true\" class=\"wp-block-spacer\"><\/div>\n\n\n\n<div style=\"height:0.44rem\" aria-hidden=\"true\" class=\"wp-block-spacer\"><\/div>\n\n\n\n<div style=\"height:calc( 0.25 * var(--wp--style--root--padding-right, var(--wp--custom--gap--horizontal)))\" aria-hidden=\"true\" class=\"wp-block-spacer\"><\/div>\n<\/div><\/div>\n","protected":false},"excerpt":{"rendered":"<p>Con Orgullo de Mano a Mano Este puro representa nuestra tradici\u00f3n de casi 2 siglos en el arte del tabaco. Es un favorito entre los conocedores y representa la firme determinaci\u00f3n de la empresa de proporcionar un producto \u00fanico. Santa Clara 1830 es el puro ideal para quienes saben apreciar la paciencia del a\u00f1ejamiento de &hellip; <\/p>\n","protected":false},"author":1,"featured_media":1306,"parent":0,"menu_order":0,"comment_status":"closed","ping_status":"closed","template":"","meta":{"footnotes":""},"class_list":["post-1303","page","type-page","status-publish","has-post-thumbnail","hentry"],"_links":{"self":[{"href":"https:\/\/santaclarapuros.com\/club\/wp-json\/wp\/v2\/pages\/1303","targetHints":{"allow":["GET"]}}],"collection":[{"href":"https:\/\/santaclarapuros.com\/club\/wp-json\/wp\/v2\/pages"}],"about":[{"href":"https:\/\/santaclarapuros.com\/club\/wp-json\/wp\/v2\/types\/page"}],"author":[{"embeddable":true,"href":"https:\/\/santaclarapuros.com\/club\/wp-json\/wp\/v2\/users\/1"}],"replies":[{"embeddable":true,"href":"https:\/\/santaclarapuros.com\/club\/wp-json\/wp\/v2\/comments?post=1303"}],"version-history":[{"count":6,"href":"https:\/\/santaclarapuros.com\/club\/wp-json\/wp\/v2\/pages\/1303\/revisions"}],"predecessor-version":[{"id":1800,"href":"https:\/\/santaclarapuros.com\/club\/wp-json\/wp\/v2\/pages\/1303\/revisions\/1800"}],"wp:featuredmedia":[{"embeddable":true,"href":"https:\/\/santaclarapuros.com\/club\/wp-json\/wp\/v2\/media\/1306"}],"wp:attachment":[{"href":"https:\/\/santaclarapuros.com\/club\/wp-json\/wp\/v2\/media?parent=1303"}],"curies":[{"name":"wp","href":"https:\/\/api.w.org\/{rel}","templated":true}]}}